ppose 5*t - 125 = -5*a, 3*t = a + 4*a + l. Suppose 0 = u - 3*j + 12, u + 5*j - t = 8. What is the greatest common divisor of 24 and u?
3
Let f = -53 - -55. Let p(c) = 75*c - 144. Let v be p(f). What is the highest common factor of 42 and v?
6
Let b = 188 + -114. Suppose 4*w + m = 125 + 146, 0 = w - m - b. Suppose 3*g = -5*r + w, 29 = 2*r - 4*g - 9. Calculate the highest common factor of r and 165.
15
Suppose 155 = -119*u + 121*u + 5*b, 5*u - 4*b = 437. What is the highest common divisor of 102 and u?
17
Suppose 0 = 2*r + 4*v - 66, -3*r + 62 = -r + 3*v. Suppose w + 2*w = 4*t + 49, t = -1. What is the greatest common factor of r and w?
5
Let h(s) = s**3 + 11*s**2 - s - 9. Let t be h(-11). Suppose j - 102 = -t*j. Let y(f) = -3*f + 32. Let v be y(5). What is the highest common divisor of j and v?
17
Suppose 2*f - 32 = 3*c, 5*c + 11 = 4*f - 49. Let a(w) = 2*w**2 - 11*w - 23. Let s be a(f). What is the greatest common divisor of 536 and s?
67
Suppose -997*o + 1008*o - 76956 = 0. Calculate the greatest common factor of 66 and o.
66
Let o be (-20 - 1 - 4)*(-42)/15. Suppose -3*t - 7*t + o = 0. Let z(g) = -g**2 - 9*g - 11. Let p be z(-6). What is the greatest common factor of p and t?
7
Let l be (3 - 2 - 184)*(-308)/66. Let r = 897 - l. Calculate the greatest common factor of 86 and r.
43
Let h(r) = 48*r + 474. Let c be h(57). What is the greatest common divisor of c and 10?
10
Let q be 5/((-22)/(-31152)*60). What is the highest common factor of q and 3422?
118
Suppose -17*b + 7*b + 26950 = 0. Suppose -10*n - 275 + b = 0. What is the greatest common divisor of n and 66?
22
Let q = 37 + -121. Let m be (39/2)/(q/(-112)). What is the highest common factor of m and 13?
13
Suppose -s - 4*j = -1 - 33, 5*j - 15 = 0. Let r be -1*128*(-5)/(-30)*-9. Suppose 0 = -2*l - r + 368. Calculate the highest common divisor of l and s.
22
Let w(z) = 3*z + 3. Let r be w(6). Suppose r = -3*j + 60. Let v = 7216 + -7073. Calculate the highest common divisor of v and j.
13
Suppose 28*k + 138 = 698. Let r = 126 - -94. What is the greatest common divisor of r and k?
20
Let y be 7/(-2*6/12). Let i(o) = o**3 + 7*o**2 - 4*o - 24. Let c be i(y). Calculate the highest common divisor of c and 10.
2
Let s = -3788 - -3838. Calculate the highest common factor of s and 1360.
10
Suppose 17*l - 30*l = -16*l. Suppose l = 94*y - 100*y + 408. Calculate the highest common factor of 17 and y.
17
Suppose 0 = 4*u - v - v - 164, v = -2. Let n be (756/(-24) + 14)/(2/(-4)). Calculate the greatest common factor of n and u.
5
Let s(l) be the second derivative of -2/3*l**4 - 2*l - 7/6*l**3 + 0 - 1/10*l**5 - 1/2*l**2. Let r be s(-5). What is the greatest common factor of r and 12?
12
Suppose -3*w + 72 = 3*q, -5*q = -3*q + 5*w - 42. Let x = -655 + 915. Calculate the highest common divisor of x and q.
26
Let f = -37 - -38. Let j be (4*(-52)/(-48))/(f/(-3)). Let p(n) = -3*n + 16. Let b be p(j). What is the highest common divisor of b and 22?
11
Let g(n) = -18*n + 9. Let m be g(-6). Let l = -232 + m. Let t = -113 - l. Calculate the greatest common divisor of t and 1.
1
Suppose 0 = c + 3*c - 3*v - 169, -c + 2*v + 41 = 0. Suppose 39*b = c*b - 4. What is the highest common divisor of 25 and b?
1
Suppose -12*c - 4*c - 128 = 0. Let a be (13 - 1) + (-72)/c + -15. Suppose -n = -150 + 54. What is the greatest common factor of n and a?
6
Let t = -2398 - -4581. Suppose 0 = 29*a + 8*a - t. What is the highest common factor of 944 and a?
59
Suppose -4*y + 5*q + 66 = -466, 5*q = -4*y + 532. Let a = y + -65. Let c be 102/3*(-1)/(-2). What is the highest common factor of a and c?
17
Let f(b) = -2*b**2 + 203*b - 829. Let m be f(97). What is the highest common divisor of m and 28?
4
Let g be -3 + 1 - (-1 - 118). Let o = -232 - -235. Suppose 0*t = -5*f + 3*t + 53, -o*f + 51 = 3*t. What is the greatest common divisor of g and f?
13
Suppose 0 = -8*d + 7 + 41. Let y = 56 - -270. Let x be (-4)/12 - y/(-6). Calculate the greatest common divisor of d and x.
6
Let f(c) = -c - 53. Let r be f(0). Let z = r - -56. Suppose p - 151 = -4*u, 4*u - z*p + 7*p = 136. Calculate the greatest common factor of u and 117.
39
Suppose -2*u + 40 = g, -3*g - 3*u + 176 = 44. Suppose -44*i - 4240 = -g*i. Calculate the highest common factor of i and 20.
20
Let b(l) = -105*l + 8670. Let u be b(-41). What is the highest common divisor of u and 75?
75
Let c = -231 + 231. Suppose 2*z = a - 206, 3*a - 5*z = -c*z + 617. What is the greatest common divisor of 51 and a?
51
Let j be 9/(-21) - (-2328)/42. Let a = j - 28. Suppose 2 = 28*m - a*m. Calculate the highest common divisor of 14 and m.
2
Suppose -31*f - 232 = -2*d - 33*f, 4*d + f = 470. Let g be 8*d/4 + 9 + -7. What is the greatest common factor of g and 68?
34
Suppose 0 = -4*s - 8*g + 12*g - 8, 20 = 4*g. Suppose -2*x + x + 5*p = -75, 5*x + s*p - 291 = 0. What is the highest common divisor of 20 and x?
20
Let c = 16 - 14. Let a be c/5 - (-27645)/75. Suppose 9 = 3*v - a. Calculate the highest common factor of 18 and v.
18
Let h be ((-10)/(-12))/((-123)/(-11808)). What is the greatest common factor of 1720 and h?
40
Let l(w) be the first derivative of -25*w**2/2 - 131*w + 40. Let n be l(-6). What is the greatest common divisor of 513 and n?
19
Let a be (-60)/(-40) + (-3)/(-2). Suppose -3*h - 4*p = -44, -38 = -3*h - a*p + 2*p. Calculate the highest common divisor of 4 and h.
4
Suppose -69*d + 43394 + 46261 = 60*d. What is the highest common divisor of 3197 and d?
139
Let a be (-1 + -1)/(224/(-2800)). What is the highest common divisor of 2575 and a?
25
Suppose -4*o + g + 116 = 0, 2*o + 2*o = 2*g + 120. Let j be (444/7)/1 - 12/o. Calculate the greatest common divisor of j and 42.
21
Suppose -3*v = -4*r - 288, 2*v - 280*r = -277*r + 192. Calculate the highest common factor of 3312 and v.
48
Let q be (8/3 - 1)*(-15 - -12). Let t be q + (1*(6 + -46))/(-2). What is the greatest common factor of 35 and t?
5
Suppose 4*s + 37 = -4*w - 35, -3*w - s = 50. Let g = 33 + w. Let a(p) = -2*p + 61. Let b be a(-12). What is the greatest common divisor of b and g?
17
Let y be (1/(-2))/(172/(-259720)). Calculate the highest common divisor of 5 and y.
5
Let p(d) = d**3 - 54*d**2 - 565*d + 282. Let v be p(63). What is the highest common factor of v and 24?
24
Let h be ((-2)/(-4))/(5/(-8340)). Let z = 916 + h. What is the highest common factor of 697 and z?
41
Let l = -3334 + 3336. Suppose y = 4*y + 6. Let u be -25*(y - (-24)/15). Calculate the greatest common factor of u and l.
2
Suppose y = 3*y + 2, 5*u = -y + 4779. Suppose -3*r + q = 5*q - u, -2*r - 4*q + 632 = 0. What is the greatest common divisor of 24 and r?
12
Let n = -53 - 65. Let v = -98 - n. Let p be (1 + (-36)/v)*(-20)/8. What is the highest common divisor of p and 2?
2
Let w(b) = -3*b - 43. Let m be w(-16). Suppose -10*s + m*s = -285. Let u be (-5 + 24/4)*s. What is the highest common divisor of u and 38?
19
Let h(q) = -11*q**2 + 17*q + 41. Let k(s) = 2*s**2 - 2*s. Let j(o) = -h(o) - 5*k(o). Let x be j(-4). What is the highest common factor of 41 and x?
1
Let k = -23106 + 23148. Let g be (624/28)/((-2)/(-98)). What is the highest common factor of g and k?
42
Let x be (-40)/(-1)*(-437366)/(-2308). Calculate the greatest common divisor of x and 5.
5
Let n be -7*(3/6 - 186/84). Suppose 4*x - t = 251, -2*x + n*t = 9*t - 113. Calculate the highest common divisor of x and 12.
4
Let w = 121 + -91. Suppose -26*r - 8 = -w*r. What is the highest common factor of 20 and r?
2
Let d(s) = -64*s**3 + 62*s**2 + 16*s - 7. Let x be d(-7). Calculate the greatest common factor of x and 51.
17
Suppose 3*c + 4*u - u - 195 = 0, 0 = -4*c - 3*u + 265. Let s(p) = 15*p - 14. Let r be s(14). Calculate the greatest common factor of r and c.
14
Let u be (-5 - -10) + -1 - -7. Suppose -468 = u*g - 20*g. Calculate the highest common factor of g and 39.
13
Let l = -2217 + 2369. Calculate the highest common divisor of l and 2299.
19
Let p = -367 + 374. Let t be 1404/p + 112/(-196). Calculate the highest common divisor of 50 and t.
50
Let m(p) = p**3 + 12*p**2 + 10*p - 4. Let y be m(-11). Let q = y - 5. Suppose 1 = i + 2, o - 19 = -3*i. What is the greatest common divisor of q and o?
2
Suppose -5127*x = -5137*x + 34200. Calculate the highest common divisor of 270 and x.
90
Let r(n) = n + 2114. Let j 